False
Is 294185179 prime?
True
Is 1942081 prime?
True
Is 116460829 a composite number?
True
Is 1433101 a prime number?
True
Is 48638773 composite?
False
Is 3114863 a prime number?
False
Is 6075121 a composite number?
True
Is 2223349 composite?
True
Is 57234207 prime?
False
Is 94057219 prime?
False
Is 6632681 composite?
True
Is 17802407 a composite number?
True
Is 8484079 composite?
True
Is 1708810541 composite?
False
Is 605918 prime?
False
Is 4119761 a prime number?
True
Is 626299 composite?
True
Is 38833 composite?
False
Is 2597191 composite?
False
Is 648814051 a prime number?
False
Is 378020323 a prime number?
True
Is 102717811 a composite number?
True
Is 9313939 composite?
True
Is 510449 a prime number?
True
Is 173392327 a prime number?
False
Is 220777013 prime?
False
Is 10598053 a prime number?
False
Is 52710169 composite?
True
Is 141132337 composite?
False
Is 21991579 a prime number?
False
Is 6305018 a prime number?
False
Is 55830953 prime?
True
Is 7288817 prime?
True
Is 70697923 composite?
False
Is 6733511 prime?
True
Is 407822497 composite?
True
Is 119961071 a composite number?
False
Is 11428931 composite?
False
Is 18003763 prime?
True
Is 642326897 a prime number?
True
Is 4274119 composite?
True
Is 55105763 composite?
True
Is 2119729 a composite number?
True
Is 91906319 a prime number?
False
Is 30749585 a composite number?
True
Is 257774107 prime?
True
Is 188529063 composite?
True
Is 11421517 a prime number?
False
Is 564013 prime?
True
Is 35557141 composite?
False
Is 6669745 a composite number?
True
Is 1787897 a composite number?
True
Is 6046091 a prime number?
False
Is 166264169 a prime number?
True
Is 2842023 a prime number?
False
Is 8977459 a prime number?
True
Is 6284833 a composite number?
True
Is 35318303 composite?
True
Is 3085673 a prime number?
True
Is 9292079 composite?
False
Is 224163473 composite?
False
Is 18969441 a prime number?
False
Is 1398431 a composite number?
True
Is 24823193 a prime number?
True
Is 11133403 a prime number?
False
Is 4905689 prime?
False
Is 12644267 a composite number?
False
Is 3427601 composite?
True
Is 1651229 a composite number?
False
Is 139194157 a composite number?
True
Is 86003573 a prime number?
True
Is 417818981 composite?
True
Is 95994443 composite?
False
Is 17058394 composite?
True
Is 2079191 prime?
True
Is 347062 composite?
True
Is 484600126 a prime number?
False
Is 10659953 composite?
True
Is 68822297 a composite number?
False
Is 43595861 prime?
False
Is 7616123 a prime number?
True
Is 635087 prime?
True
Is 3730949 a composite number?
False
Is 33626057 a composite number?
False
Is 10286905 a prime number?
False
Is 110750177 prime?
False
Is 13535771 composite?
True
Is 255088897 composite?
True
Is 3078391 composite?
False
Is 1622809 a composite number?
True
Is 4668161 a composite number?
True
Is 29441959 a composite number?
False
Is 196016651 prime?
True
Is 56023897 a prime number?
True
Is 13660963 a composite number?
True
Is 22739714 a prime number?
False
Is 199522261 composite?
False
Is 79996711 prime?
False
Is 8685113 a composite number?
True
Is 722059007 a composite number?
False
Is 38605519 a composite number?
False
Is 1014068291 a composite number?
False
Is 6657589 a composite number?
True
Is 353331193 a prime number?
True
Is 4978723 composite?
False
Is 3091763 composite?
False
Is 22577611 a prime number?
False
Is 14516149 prime?
True
Is 50317249 prime?
True
Is 70243967 a composite number?
False
Is 70198717 composite?
False
Is 16066753 prime?
True
Is 6272885 a composite number?
True
Is 1484563 prime?
True
Is 5312801 composite?
True
Is 4865663 a prime number?
False
Is 2298971 composite?
True
Is 4981789 a prime number?
True
Is 4996891915 a prime number?
False
Is 43645523 prime?
True
Is 296158019 prime?
False
Is 1004303 composite?
False
Is 68262919 prime?
False
Is 25858465 a prime number?
False
Is 48041509 a prime number?
False
Is 158203021 a prime number?
True
Is 89702673 a prime number?
False
Is 113532293 a composite number?
True
Is 1105427 composite?
False
Is 1529791 a prime number?
True
Is 2304373 prime?
True
Is 9942157 prime?
False
Is 137335241 a composite number?
False
Is 5852089 composite?
True
Is 18794991 a prime number?
False
Is 9002717 a prime number?
True
Is 524773597 prime?
False
Is 19294503 prime?
False
Is 160807201 a prime number?
True
Is 46109023 composite?
False
Is 12001903 a prime number?
False
Is 102226777 a prime number?
True
Is 24640867 prime?
False
Is 27950486 a prime number?
False
Is 440361701 a composite number?
True
Is 2780971 composite?
False
Is 246607489 a composite number?
False
Is 106591817 prime?
False
Is 6048841 prime?
True
Is 7673869 a prime number?
False
Is 32917993 a prime number?
True
Is 8180933 composite?
False
Is 233846999 composite?
False
Is 30229151 composite?
False
Is 454757477 a prime number?
False
Is 24932839 a composite number?
True
Is 1546669 composite?
False
Is 3847786 a prime number?
False
Is 1491509 a composite number?
False
Is 1055056787 a prime number?
True
Is 4468843 a prime number?
True
Is 53114197 a composite number?
True
Is 11251049 composite?
False
Is 70388797 a composite number?
False
Is 268267 a prime number?
True
Is 2033447 a composite number?
True
Is 107164231 composite?
False
Is 555681331 a composite number?
False
Is 3589027 composite?
True
Is 16119241 composite?
False
Is 1140233 a composite number?
False
Is 4273933 composite?
True
Is 6725377 prime?
True
Is 16007605 a prime number?
False
Is 1141067 a prime number?
True
Is 2270531 composite?
False
Is 99186253 composite?
False
Is 262975897 prime?
False
Is 126670997 prime?
False
Is 7887989 prime?
True
Is 7703693 a composite number?
True
Is 12782431 a prime number?
True
Is 38406307 prime?
False
Is 275911 a composite number?
False
Is 3507059 prime?
True
Is 121214 composite?
True
Is 7823161 a prime number?
True
Is 4474391 a prime number?
False
Is 3994171 a prime number?
True
Is 9803606 a prime number?
False
Is 53031899 a prime number?
True
Is 57027517 prime?
True
Is 4370567 composite?
True
Is 6944149 composite?
False
Is 22595609 prime?
True
Is 251943823 a composite number?
True
Is 9390697 composite?
False
Is 145405543 composite?
True
Is 102315691 prime?
True
Is 1564837 composite?
False
Is 13573018 composite?
True
Is 1497811 a composite number?
True
Is 81404707 composite?
False
Is 84481457 a composite number?
False
Is 6335977 a composite number?
False
Is 13785877 a prime number?
False
Is 112241 prime?
True
Is 11888519 a composite number?
True
Is 90147619 a composite number?
True
Is 52070329 a prime number?
True
Is 514467607 composite?
True
Is 5059063 a prime number?
True
Is 2502713 prime?
False
Is 22444057 composite?
True
Is 418079561 prime?
False
Is 4573409 composite?
False
Is 6923669 a prime number?
True
Is 196570019 prime?
True
Is 5939303 prime?
True
Is 9618697 composite?
True
Is 198658763 a composite number?
True
Is 2241755 prime?
False
Is 2491733 composite?
True
Is 11961589 composite?
False
Is 98426077 a prime number?
True
Is 5081273 a prime number?
False
Is 13983289 a composite number?
False
Is 58163197 composite?
True
Is 102323701 composite?
False
Is 251647 composite?
True
Is 6116662 a composite number?
True
Is 831191 composite?
False
Is 2475185 a prime number?
False
Is 123864459 a prime number?
False
Is 22062707 a composite number?
True
Is 62010779 a prime number?
False
Is 81058 composite?
True
Is 14696333 a prime number?
False
Is 658037 a prime number?
False
Is 119004739 a composite number?
True
Is 62229571 composite?
True
Is 178480169 a prime number?
False
Is 3883037 a composite number?
False
Is 404015021 a composite number?
False
Is 141602239 a prime number?
True
Is 667069486 prime?
False
Is 820487 a prime number?
False
Is 63856535 a prime number?
False
Is 278801 prime?
True
Is 2734271 composite?
True
Is 1778801 a prime number?
True
Is 27544901 prime?
True
Is 73612243 a composite number?
False
Is 41607473 composite?
True
Is 12393649 prime?
True
Is 13844927 a prime number?
False
Is 3630002 composite?
True
Is 2824427 composite?
True
Is 26361443 a composite number?
True
Is 8117563 composite?
True
Is 772008643 a composite number?
True
Is 214129 a composite number?
False
Is 824774 a composite number?
True
Is 4249067 composite?
False
Is 237819821 composite?
False
Is 11876231 a c